v).
2
Suppose 4*p - 3*p + 8 = 0. Let z(m) be the third derivative of m**5/60 + 7*m**4/24 + 2*m**3 - 2*m**2 + 715. Determine z(p).
20
Let l(j) = -5*j**2 + 21*j + 23. Let c(n) = -3*n**2 + 14*n + 15. Let b(f) = -8*c(f) + 5*l(f). Give b(-5).
5
Let a be 4/(-14) + 37/7. Let u(v) = -3*v**3 + 6*v**2 + 8*v + 20. Let m(b) = -13*b**3 + 25*b**2 + 33*b + 92. Let f(y) = -2*m(y) + 9*u(y). Determine f(a).
1
Let n(k) be the third derivative of k**5/60 - 3*k**4/8 - k**3 + 7*k**2 + 9. Determine n(8).
-14
Let d(z) = -z**2 + 7*z - 18. Let b be d(4). Let r(v) = -v**3 - 7*v**2 - 6*v - 1. Give r(b).
-1
Let o(u) = 4*u**3 - 14*u**2 + 8*u + 10. Let n(j) = 3*j**3 - 12*j**2 + 9*j + 10. Let r(q) = -3*n(q) + 2*o(q). Calculate r(6).
-4
Let c(o) = o**2 - 6*o - 3. Suppose 0 = 2*a + 3 - 15. Give c(a).
-3
Let w(q) be the third derivative of -q**5/60 - q**4/8 - q**3/2 + 21*q**2 + 4. Calculate w(-4).
-7
Let h(r) = -8*r**3 - 6*r**2 + 2*r - 5. Let q(j) = -7*j**3 - 7*j**2 + 2*j - 6. Let t(z) = 7*h(z) - 6*q(z). Determine t(-1).
13
Let v = -722 - -712. Let r(l) = -l**2 - 14*l - 8. Give r(v).
32
Let w(h) be the third derivative of h**6/120 - h**5/10 + h**4/12 - h**3/6 + 5*h**2 - 24*h. Calculate w(3).
-22
Let k(w) = -w**2 + 5*w - 8. Let x(u) = -u**3 - 13*u**2 + 5*u. Let t be x(-13). Let i = 71 + t. Determine k(i).
-14
Let f = -122 + 122. Let l(m) be the second derivative of 5*m + 0 + f*m**2 - 1/6*m**3. What is l(-6)?
6
Let q(j) = -5 - 8*j**2 - 4 + j**3 - j + 0*j**3 + 2*j**2 - 4*j. Give q(7).
5
Let i(c) = 3 - 19 + c**3 - 6*c**3 + 4*c**3 - 12*c + 10*c**2 + 2*c**3. Give i(-11).
-5
Let z(a) = -9*a - 8. Let f(w) = 116*w - 458. Let p be f(4). Give z(p).
-62
Let q(x) = x + 4. Suppose -10*v + 13*v = -9. Let d(u) = u**2 + 2*u + 3. Let f be d(v). Give q(f).
10
Let j(q) = q**3 + 3*q**2 - 6*q - 6. Suppose -3*z + 20 = 2*z. Let k be z - 6 - (-3 + 1). Suppose 0 = 2*f - k*f + 8. Give j(f).
2
Let n(y) = -y**2 + 10*y - 9. Let k(z) = -2*z**3 - 3*z**2 + 4*z + 10. Let c be k(-2). What is n(c)?
15
Suppose 12*p = -96 + 24. Let o(x) = -2*x. Calculate o(p).
12
Let c(g) = 7*g**3 + 10*g**2 + 3*g - 9. Let y(t) = -13*t**3 - 19*t**2 - 5*t + 17. Let b(d) = -11*c(d) - 6*y(d). Determine b(-4).
9
Let y(t) be the first derivative of -8*t**2 + 3*t + 289. Calculate y(2).
-29
Let q(x) be the third derivative of 0 - 1/6*x**3 + 0*x - 6*x**2 - 5/24*x**4. Suppose -4*g = 13 - 1. Determine q(g).
14
Let t be 2/(((-6)/(-4))/(-1 + 4)). Let w(x) be the first derivative of 8*x - 1 - 1/4*x**t + 2*x**2 + 5/3*x**3. Calculate w(6).
-4
Let p(u) = 4 + 0*u**2 - u**2 - u - 5. Suppose -2*m + 60 = -4*c + 2*m, 5*m = c + 23. Let j = 11 + c. Determine p(j).
-3
Let m(f) = -200*f**2 - 12*f + 98*f**2 + 8 + 2*f + 103*f**2. Give m(7).
-13
Let v(q) = -q**3 - 3*q**2 + 2*q - 1. Suppose 3 = 18*n + 57. Determine v(n).
-7
Let r be (-50)/30 - (2 - 8/3). Let g(a) = -a**3 - 2*a**2. Determine g(r).
-1
Let c(f) = 4 - 6 + 1 - 680*f + 679*f - 12. Determine c(-6).
-7
Let w(z) = -z + 1. Suppose -5*n + 36 = 2*a, n + 3*n - 38 = 3*a. Let o = 13 - n. What is w(o)?
-4
Let n be ((-1 - -4) + 27)*(-1)/(-3). Let v(o) = -o + 4. Calculate v(n).
-6
Let i(l) = -8*l**2 + l - 1. Let c = 3 - 0. Suppose -c*g + 7 = j, 3*g - 1 = 5. Give i(j).
-8
Let c = -44 - -47. Let d(i) = -4*i - 5*i**2 - 69*i**3 + 5 + 70*i**c - 3*i. What is d(6)?
-1
Suppose p + 2 = -v + 8, 10 = -5*p + 3*v. Let w(c) = 13*c - 3 + 2 - 5*c. Determine w(p).
7
Let y(i) = 7*i + 5. Let a(p) = 29*p + 22. Let k(m) = 2*a(m) - 9*y(m). Give k(2).
-11
Let l(v) = v**3 + v**2 - 2*v. Let c = 267 - 149. Let n = 116 - c. What is l(n)?
0
Let v(o) be the first derivative of o**3/3 - 3*o**2/2 + 4*o - 4. Suppose 0 = -3*n + 14 - 2. What is v(n)?
8
Let t be (-14)/42 + 3/6. Let g(v) be the third derivative of 0 + t*v**3 - 4*v**2 + 0*v - 1/24*v**4. Determine g(5).
-4
Let l = -1 - 0. Let m(o) be the third derivative of -o**7/630 + o**6/720 - o**4/12 - 2*o**2. Let c(r) be the second derivative of m(r). Give c(l).
-5
Let t(v) = 1646 + 2*v**2 - 11*v**2 - v**3 - 1624 + 3*v. Determine t(-9).
-5
Let z(q) = 6*q + 1. Let i(a) = -5*a - 1. Let s(f) = 5*i(f) + 4*z(f). Suppose 2*u = -2*l - 8, 0 = u - 4*l - 382 + 366. Calculate s(u).
-1
Let f be 6/(-15) - 204/(-10). Let g(i) = -1 - 37*i + f*i + 21*i. Let c(m) = 2*m + 1. Let a be c(-1). Calculate g(a).
-5
Let s(n) = -2*n**2 - 6*n + 15. Suppose 14*a - 7*a - 63 = 0. Let u(j) = -j**2 - 3*j + 7. Let o(b) = a*u(b) - 4*s(b). Determine o(-4).
-1
Let p be 96/(-108)*18/(-4). Let l(z) = -3*z + 7. Give l(p).
-5
Let v(m) = 8*m. Let p(l) = 7*l. Let i(x) = -7*p(x) + 6*v(x). Suppose -4*k + 4*s = 2*s - 8, 0 = -k - 4*s + 11. Let f = -2 + k. Calculate i(f).
-1
Let y(q) = 3*q**2 - 13 - 2*q**3 + q**3 + 2*q + 32 - 10 - 12. What is y(3)?
3
Let p(g) = -10*g**2 + g. Let q = -52 + 65. Let f be -4 + (q - 1)/4. Determine p(f).
-11
Let f(o) = -2*o**2 + 10*o - 6. Let s = -839 + 845. Give f(s).
-18
Let i(z) = z**3 + 2*z**2 - 4*z. Let x = 420 + -417. Give i(x).
33
Let z be (-33)/5 - 24/60. Let d(n) be the third derivative of n**5/60 + n**4/4 - 7*n**3/6 + 5*n**2. Calculate d(z).
0
Let z(s) be the third derivative of -s**4/24 + s**3/3 + 45*s**2. Determine z(-2).
4
Let t(g) be the third derivative of g**6/120 + g**5/15 + g**4/4 + g**3/2 - g**2 + 220. What is t(-5)?
-52
Let s(m) = -911*m**2 + 455*m**2 + 475*m**2 + 5*m + m**3 + 14*m + 13. Give s(-18).
-5
Let a = -650 - -655. Let h(f) = 1. Let z(m) = m - 1. Let u(r) = 2*h(r) - z(r). Determine u(a).
-2
Let y(k) = 3*k**2 - 41*k - 14. Let n be y(14). Let g(i) = -i**3 - i - 20. Calculate g(n).
-20
Let l(i) be the second derivative of -i**3/6 + i**2 + 220*i. Suppose -5*n + 8 = 38. What is l(n)?
8
Suppose -v + 2*w - 14 = 0, 5*v - 4*w + 46 - 6 = 0. Let t(s) = 10*s - 11. Let n(f) = 16*f - 20. Let i(b) = -3*n(b) + 5*t(b). Calculate i(v).
-3
Suppose 0*g = 4*g. Suppose 12 = 3*i + h - 4, g = i + 4*h + 2. Let w(n) = 6*n**3 - 2*n**3 + 0*n**3 + 3 - i*n - 5*n**2 - 3*n**3. Calculate w(6).
3
Suppose -4*z = -z + 6. Let v be 15 + (1/3)/((-5)/60). Let n(u) = -3*u + 10. Let j(s) = -6*s + 18. Let b(x) = v*n(x) - 6*j(x). Calculate b(z).
-4
Let v(d) = d + 3. Let i(r) = 1. Suppose 2*y + 4 = -2. Let w be ((-1)/y)/(5/(-15)). Let h(j) = w*v(j) + 4*i(j). Calculate h(6).
-5
Let b(t) = t**2 + 12*t + 9. Let l = 30 - 78. Let z = -60 - l. Determine b(z).
9
Suppose -25*i = -115 - 85. Let f(a) = -3*a + 11. Calculate f(i).
-13
Let c(j) = j**2 - 23*j + 125. Let q be c(14). Let b(k) = -k + 2*k**2 - k**2 + 1 - 2. Calculate b(q).
1
Let m(v) be the second derivative of v**7/840 + v**6/90 - v**5/40 - 5*v**4/24 - v**3/6 - 2*v. Let t(z) be the second derivative of m(z). Give t(-4).
7
Let x be ((-2)/6)/((-14)/(-294)). Let k be 8/(-14) - 18/x. Let q(b) = -b - 1 - b**2 - 3*b**k - 11 + 5*b**2. Give q(0).
-12
Let o = 1340 - 1360. Let y(q) = -q**3 - 20*q**2 - 2*q - 45. Calculate y(o).
-5
Suppose -p - 3*m = 11 + 1, 4*p - 4*m - 32 = 0. Let z be ((-10)/4)/(p/6). Let q(k) be the first derivative of k**3/3 + 2*k**2 + 5*k + 3. What is q(z)?
10
Suppose 6*n + 12 = 3*n. Let g(w) = w**2 + 6*w + 4. Let b be g(n). Let z be (-8)/3*(-6)/b. Let k(h) = -h**2 - 6*h - 6. Determine k(z).
2
Let a(p) = p**2 + 3*p + 9. Let k = -17 + 21. Suppose y = k*y - 6, y = -3*t + 23. Let z(m) = 2*m**2 + 5*m + 18. Let l(h) = t*a(h) - 3*z(h). Give l(-6).
9
Let n(f) be the third derivative of -f**6/120 + f**5/10 - f**4/4 - 2*f**3/3 + 190*f**2 - f. Calculate n(3).
5
Suppose 2*n - 36 = -38. Let v be (-5)/90*-3*(7 + n). Let y(z) = -19*z**3 + z**2 - 2*z + 1. Calculate y(v).
-19
Let g(j) = -j**3 + 2*j**2 + 2*j - 1. Let l(x) = x**3 - 4*x**2 - 5*x + 3. Suppose 0 = 5*n - p - 29, 2*n - 3*p = p + 26. Let u be l(n). What is g(u)?
-4
Let q(b) = 9*b - 25. Let d be q(3). Let j(w) = -2 - w**2 + 3*w**d + 1 - 98*w + 99*w. Calculate j(1).
2
Suppose -3 = 2*z - 3*z. Let a(i) = 0*i**z - 4*i + i**3 + 3*i + 10. What is a(0)?
10
Let d(s) = 4*s**2 - 4*s + 2. Let p(x) = -x + 7. Let u be (0*(-5 + 4))/4. Let g be p(u). Suppose -4*k - g = -3*r, 0*k = -3*k + 2*r - 4. Calculate d(k).
10
Let h(q) = -q**3 - 13*q**2 - 13*q - 15. Let i be 75/12 + 8/(-32). Let v(o) = -o**3 - 14*o**2 - 14*o - 16. Let y(f) = i*h(f) - 5*v(f). What is y(-7)?
-3
Let r(t) be the first derivative of -5*t**4/4 - 2*t**3/3 - t**2 - t - 230. What is r(-2)?
35
Let o(f) = -20*f**2 - 25*f - 19. Let u(c) = 9*c**2 + 12*c + 9. Let d(k) = -4*o(k)